3).
-1
Let j(f) = -531*f - 34521. Determine j(-65).
-6
Let z(w) = -2*w**2 - 139*w - 525. Determine z(-64).
179
Let q(p) = 35*p - 737. What is q(21)?
-2
Let h(c) = c**2 + 12*c - 63. Calculate h(-8).
-95
Let k(p) = p**2 + 846*p - 4260. Determine k(5).
-5
Let o(q) = 125*q - 2904. Calculate o(23).
-29
Let f(s) = s**2 - 12*s - 305. What is f(-12)?
-17
Let a(m) = m**3 - 62*m**2 - 1433*m + 56. Calculate a(-18).
-70
Let x(l) = -119*l + 3922. Give x(33).
-5
Let t(d) = 447*d - 3109. Calculate t(7).
20
Let p(b) = 3*b**2 - 37*b - 152. Calculate p(-4).
44
Let j(r) = -4*r**3 - 9*r**2 - 78*r - 1020. Determine j(-6).
-12
Let t(a) = -a**3 + 9*a**2 - 10*a + 8. Determine t(7).
36
Let u(w) = -6*w**2 + 2*w + 11. What is u(3)?
-37
Let g(q) = -q**3 - 8*q**2 + 181*q + 32. Determine g(-18).
14
Let u(t) = -27*t**2 + 8*t - 6. What is u(1)?
-25
Let z(l) = -889*l - 7122. Give z(-8).
-10
Let m(v) = 19636*v + 490905. What is m(-25)?
5
Let a(b) = b**2 + 937*b + 7432. Give a(-8).
0
Let i(g) = 279*g - 1695. What is i(6)?
-21
Let z(x) = -x**2 - 18*x - 22. Give z(-2).
10
Let j(h) = -h**3 - 38*h**2 - 39*h - 190. Calculate j(-37).
-116
Let k(u) = 121*u + 734. Calculate k(-7).
-113
Let a(r) = 12*r**3 - 4*r + 9. Determine a(2).
97
Let n(o) = 2*o**3 + 15*o**2 - o + 50. Calculate n(-8).
-6
Let f(k) = 809*k - 801. Calculate f(1).
8
Let v(y) = 269*y - 1876. Give v(7).
7
Let m(h) = -h**3 + 8*h**2 - 82*h + 1026. Calculate m(10).
6
Let v(l) = -15*l + 550. What is v(23)?
205
Let g(u) = -2*u**2 + 288*u + 942. Determine g(147).
60
Let q(y) = -2*y**2 + 248*y - 2860. What is q(111)?
26
Let p(i) = -2*i**2 - 114*i - 873. Calculate p(-48).
-9
Let g(j) = -2*j**3 - 8*j**2 + 86*j - 28. Give g(-9).
8
Let a(o) = 154*o + 1143. Calculate a(-9).
-243
Let q(a) = -a**2 + 262*a - 15221. Determine q(87).
4
Let l(n) = -n**2 - 49*n + 103. Calculate l(-48).
151
Let z(g) = 191*g + 9357. What is z(-49)?
-2
Let p(q) = -2*q**3 - 122*q**2 + 6*q - 15. What is p(-61)?
-381
Let r(d) = -5*d**2 - 73*d + 7. Determine r(-13).
111
Let q(c) = -3*c**2 - 24*c - 161. Calculate q(-6).
-125
Let m(f) = f**2 - 53*f + 362. What is m(22)?
-320
Let o(d) = -224*d - 163. Determine o(-1).
61
Let l(k) = 2*k**2 + 20*k - 156. Calculate l(-19).
186
Let m(i) = i**2 + 48*i - 64. Determine m(-49).
-15
Let q(m) = m**3 - 11*m**2 + 16*m - 31. Give q(11).
145
Let l(k) = k**3 + 5*k**2 + 33*k + 86. Calculate l(-3).
5
Let y(r) = 2*r**2 - 173*r + 1069. What is y(80)?
29
Let q(w) = -w**2 - 360*w - 31030. Determine q(-143).
1
Let o(f) = f**3 - 28*f**2 + 49*f + 69. What is o(26)?
-9
Let s(c) = -86*c - 1722. Determine s(-20).
-2
Let g(x) = -x**3 + 29*x**2 - 66*x + 56. Give g(27).
-268
Let v(x) = 716*x + 7168. What is v(-10)?
8
Let h(y) = 75*y**3 + 19*y - 20. Determine h(1).
74
Let u(n) = -4*n**3 + 39*n**2 + 57*n - 27. Give u(11).
-5
Let w(o) = o**2 - 12*o + 9. Calculate w(6).
-27
Let h(o) = 10*o**2 - 7*o + 1. Determine h(4).
133
Let y(r) = r**2 - 149*r + 1474. Give y(12).
-170
Let o(h) = 10*h**2 - 11*h - 31. Give o(-5).
274
Let r(z) = -349*z + 1651. What is r(5)?
-94
Let o(f) = 6*f - 151. Determine o(25).
-1
Let i(m) = -m**3 + m**2 - 32*m - 70. Give i(-2).
6
Let q(l) = -45*l - 455. What is q(-10)?
-5
Let g(t) = -t**3 - 11*t**2 - 71*t - 579. What is g(-10)?
31
Let s(t) = 3*t**2 - 81*t - 430. Calculate s(-5).
50
Let z(y) = -102*y + 1232. What is z(12)?
8
Let x(o) = -o**2 - 15455*o - 61808. Calculate x(-4).
-4
Let j(c) = 3*c**3 - 58*c**2 + 16*c + 54. Give j(19).
-3
Let q(l) = 64*l - 136. Determine q(2).
-8
Let c(k) = k**3 - 29*k**2 + 178*k + 43. Determine c(21).
253
Let o(b) = b**2 + 384*b + 3035. Determine o(-8).
27
Let m(x) = -3*x**3 - 46*x**2 - 13*x + 30. What is m(-15)?
0
Let b(w) = -336*w + 7468. Determine b(23).
-260
Let c(i) = i**3 - 19*i**2 + 27*i + 112. Calculate c(17).
-7
Let j(t) = t**2 + 41*t + 271. Determine j(-33).
7
Let z(m) = -21*m**3 - 1114*m**2 - 46*m + 376. Calculate z(-53).
5
Let m(x) = 93*x - 13652. Give m(147).
19
Let t(m) = 10*m + 86. What is t(-7)?
16
Let d(t) = -101*t + 384. Determine d(19).
-1535
Let w(t) = -10*t - 184. What is w(-24)?
56
Let i(h) = 7*h**2 - 143*h - 270. What is i(22)?
-28
Let d(p) = -p**3 + 11*p**2 + 1018*p + 308. Calculate d(38).
4
Let l(j) = -j**2 + 184*j + 2087. What is l(-10)?
147
Let p(h) = -20491*h - 368834. Give p(-18).
4
Let h(i) = -196*i**3 + 6*i**2 + 4*i - 1. What is h(-1)?
197
Let r(k) = -180*k + 39. What is r(1)?
-141
Let m(w) = 2*w**3 + 19*w**2 + 88*w + 714. What is m(-9)?
3
Let r(l) = 594*l - 2721. Calculate r(5).
249
Let t(i) = -i**3 - 145*i**2 - 307*i - 2946. Calculate t(-143).
57
Let t(c) = 4*c + 6. Give t(-20).
-74
Let o(z) = -z**3 + 5*z**2 - 33*z + 159. What is o(7)?
-170
Let p(w) = 2*w**3 + 12*w**2 - 106*w + 22. Calculate p(-11).
-22
Let h(x) = 26*x - 185. Give h(7).
-3
Let h(g) = -54*g**2 + 1406*g - 41. Give h(26).
11
Let y(i) = 86*i - 623. What is y(7)?
-21
Let h(f) = -f**3 + 43*f**2 + 88*f + 82. Determine h(45).
-8
Let z(m) = 2*m**2 + 38*m + 12. Determine z(-19).
12
Let u(a) = a**3 - a**2 + 81. Calculate u(0).
81
Let h(k) = 3*k**3 - 31*k**2 - 18*k - 46. Determine h(11).
-2
Let i(f) = -22*f - 331. Calculate i(-15).
-1
Let f(i) = 52*i - 106. What is f(0)?
-106
Let u(w) = 4*w**2 - w + 8. Determine u(-5).
113
Let u(v) = v**2 + 634*v - 6446. What is u(10)?
-6
Let k(r) = -5*r - 112. Give k(-46).
118
Let o(v) = 4*v**2 + 31*v - 326. Calculate o(6).
4
Let z(a) = 22*a + 1649. Determine z(-75).
-1
Let f(p) = p**2 - 4*p - 6. Determine f(6).
6
Let o(i) = -211*i**2 - 1258*i + 27. What is o(-6)?
-21
Let w(t) = -2*t**3 + 37*t**2 + 22*t - 9. What is w(19)?
48
Let s(a) = -88*a - 224. Give s(-3).
40
Let y(n) = 3184*n + 7. What is y(0)?
7
Let l(g) = -52*g + 87. Give l(9).
-381
Let g(m) = -18*m**2 - 246*m + 83. Calculate g(-14).
-1
Let p(w) = -40*w - 528. Determine p(-13).
-8
Let s(l) = -9*l**2 - 11*l - 12. Give s(3).
-126
Let x(n) = -9*n**2 + 37*n - 6. Calculate x(4).
-2
Let k(c) = 29*c - 22. Give k(-6).
-196
Let d(w) = -3*w**2 + 10*w - 22. Give d(3).
-19
Let s(x) = x**3 - 78*x**2 - 69*x - 793. Calculate s(79).
-3
Let j(r) = 11*r**2 + 11*r + 12. Calculate j(-1).
12
Let r(w) = 5*w**2 - 269*w + 16. What is r(54)?
70
Let m(v) = -v**3 + 93*v**2 - 289*v + 1691. Determine m(90).
-19
Let r(v) = -5*v**3 - 2*v**2 + 8*v + 4. Calculate r(2).
-28
Let c(p) = p**3 - 121*p**2 - 125*p + 410. What is c(122)?
44
Let g(w) = 10*w**2 + 16*w + 60. What is g(-4)?
156
Let w(u) = 50*u - 2083. Calculate w(47).
267
Let a(x) = x**3 + 4*x**2 - 86*x - 373. What is a(-4)?
-29
Let p(a) = a**3 + 29*a**2 + 89*a - 23. What is p(-23)?
1104
Let t(g) = g**2 - 201*g - 69147. Give t(-181).
-5
Let a(w) = -w**2 - 439*w - 48090. What is a(-229)?
0
Let g(w) = 307*w**2 - 10438*w - 11. Determine g(34).
-11
Let t(o) = -22*o + 919. Calculate t(41).
17
Let b(f) = 383*f - 49. Calculate b(-1).
-432
Let r(u) = 2*u**3 + 38*u**2 + 17*u + 76. Give r(-19).
-247
Let g(c) = -23*c - 2554. What is g(-116)?
114
Let y(c) = 5268*c - 42146. Determine y(8).
-2
Let w(i) = -2959*i + 17755. What is w(6)?
1
Let t(k) = 36*k**2 + 277*k - 62. Give t(-8).
26
Let v(p) = 1822*p + 127535. What is v(-70)?
-5
Let w(b) = -b**3 + 24*b**2 + 37*b + 102. What is w(25)?
402
Let w(l) = -56*l**2 - 1346*l - 53. What is w(-24)?
-5
Let a(y) = 69*y - 3579. Calculate a(52).
9
Let h(y) = 309*y - 2905. Give h(8).
-433
Let g(y) = -y**2 - 101*y + 93. Give g(-102).
-9
Let f(p) = -2*p**2 + 22*p + 289. What is f(20)?
-71
Let v(i) = -16*i**2 + 831*i + 60. Calculate v(52).
8
Let m(j) = -2*j**3 + 20*j**2 - 57*j + 53. Give m(6).
-1
Let v(l) = -7*l**2 + 189*l - 1. Give v(27).
-1
Let c(s) = -10*s**2 + 6*s + 53. Give c(2).
25
Let i(b) = -b**2 + 16*b - 130. Determine i(14).
-102
Let g(u) = -u**3 + 48*u**2 + 636*u - 32099. What is g(47)?
2
Let t(i) = -i**3 + 66*i**2 + 280*i + 185. What is t(70)?
185
Let g(y) = -2*y**2 + 56*y + 27. Determine g(23).
257
Let t(i) = -92*i - 13587. Give t(-148).
29
Let g(y) = 709*y + 34744. Give g(-49).
3
Let r(b) = -b**3 + 26*b**2 - 79*b - 132. Give r(5).
-2
Let s(t) = t**3 + 4*t**2 - 15*t + 13. Give s(-7).
-29
Let i(p) = 4*p**2 - 151*p + 13. What is i(38)?
51
Let j(t) = t**3 + t**2 - 114*t + 8. Calculate j(10).
-32
Let c(y) = 2*y**2 + 113*y - 524. What is c(-61)?
25
Let g(o) = o**2 - 17*o - 179. Give g(-6).
-41
Let k(a) = 288*a + 295. Give k(-2).
-281
Let h(g) = -12*g**2 + 152*g - 23